*y + 1 - 10, y = -2*w + 6. Suppose -v + 5*x + 1 = -13, -42 = -w*v + 4*x. What is the greatest common factor of 7 and v?
7
Let o be -17 + 1513/85 + 13752/10. Calculate the highest common divisor of 8 and o.
8
Suppose 0 = -b + 402 + 118. What is the greatest common divisor of 65 and b?
65
Suppose -2*v - 3*b + 1 = 10, 4*b + 26 = -5*v. Let d be v*(-3)/((-9)/(-294)). Suppose 2*h + 2*h - d = 0. What is the greatest common divisor of h and 21?
21
Let i = -604 + 620. Calculate the highest common divisor of 304 and i.
16
Let u be (-6)/(-2) - 0/(-8 + 2). Suppose -2*d + 5*a = -574, u*d - 8*d = -5*a - 1465. Calculate the greatest common divisor of d and 27.
27
Let k(x) = -12*x - 253. Let a be k(-24). Let p = 33 - 12. What is the greatest common divisor of a and p?
7
Let j = 110 - 102. Suppose 2*c + 1 = -5. Let u be (600/(-9))/5*c. Calculate the highest common divisor of j and u.
8
Let t = 19 - -12. Let o = t - 36. Let x be (o - -2) + 207/3. What is the greatest common factor of x and 6?
6
Suppose 54 = 5*j - 3*h, -2*j = j - 3*h - 30. What is the greatest common divisor of 84 and j?
12
Let o = 12 - 10. Suppose o*c = -2*v + 196, 2*v + 4 = v. Calculate the greatest common factor of 68 and c.
34
Suppose 10*l - 6*l - 108 = 0. Let p(r) = 19*r**2 + 2*r + 1. Let b be p(-1). Calculate the greatest common factor of b and l.
9
Suppose j - 66 = -3*r, j - 5*j + 110 = 5*r. Calculate the greatest common divisor of 77 and r.
11
Let l be ((-54)/(-6))/(-4 - (-1100)/272). What is the highest common factor of l and 51?
51
Let c(t) = -t**3 - 2*t**2 + 2*t + 7. Let b = 11 - 16. Let n be c(b). What is the greatest common divisor of 180 and n?
36
Suppose -5*t - 64 = -0*v - 3*v, 4*t + v + 58 = 0. Let o be (0 + 40)*(-21)/t. What is the highest common divisor of o and 12?
12
Suppose -4*i - 145 = -p, -i + 6*i = 25. Calculate the greatest common divisor of 22 and p.
11
Let j = -51 + 55. Let m be (-92)/((-8)/j) + (4 - 5). What is the highest common divisor of 18 and m?
9
Suppose 6 + 4 = 5*k. Let d(c) = 0 - 1 + 0*c**k + c**3 + 3*c**2. Let o be d(2). What is the highest common factor of 38 and o?
19
Let w(g) = -2*g - 11. Let n be w(-8). Suppose -x + 5*j + 35 = 0, -2 + 12 = 5*j. Calculate the greatest common divisor of x and n.
5
Let n = -81 + 216. Suppose n = 4*d - 313. Let j be 118/531 - (-4)/18*71. Calculate the greatest common factor of d and j.
16
Suppose 0 = s + 2*s - 45. Let v be (s/(-10))/((-3)/4). Suppose -5*z = v*z - 455. Calculate the highest common divisor of 13 and z.
13
Suppose -5*t = -9 - 11. Let c = -81 + 85. Calculate the highest common factor of t and c.
4
Let r(f) = -17*f**2 + f. Let y be r(-1). Let j = 19 + y. Let k(h) = 27*h. Let a be k(j). What is the greatest common factor of a and 9?
9
Suppose 4*t + 174 = o + 897, 369 = 2*t - 3*o. Calculate the greatest common factor of 63 and t.
9
Suppose 4*d - 10*z = -8*z + 64, -3*d = z - 43. What is the highest common divisor of d and 165?
15
Suppose -2*d + 1320 = 2*m, 0 = 9*m - 8*m - 4*d - 685. Calculate the greatest common divisor of m and 190.
95
Let h be 246/(-328) - (47/(-4) + 0). Calculate the highest common factor of 121 and h.
11
Let g(t) = -t**3 - 6*t**2 + t + 8. Let n be g(-6). Let o = n - 0. Suppose -o*k - k = -162. Calculate the highest common factor of 6 and k.
6
Suppose 2*t = -5*w + 7, -3*w + 0 = -3*t - 21. Let s be 8/t + 1 + 13. Let l be (((-1620)/63)/(-2))/(3/14). What is the greatest common divisor of l and s?
12
Let c = -603 + 370. Let s = 401 + c. Calculate the greatest common divisor of s and 112.
56
Let o(r) = 4*r + 58. Let x be o(-17). Let a be x/(-1) - (-3 + 8). What is the highest common divisor of 55 and a?
5
Let t be (4 - 24)*-6*(-10)/(-30). What is the highest common factor of 980 and t?
20
Let p be -4 - (-5 + 2) - -187. Let f = 305 - p. Calculate the greatest common divisor of f and 17.
17
Let b = 302 - 286. Suppose 0 = 3*k - 4*x - 8, -x - 4 = -k. What is the greatest common divisor of k and b?
8
Let k = -429 - -448. What is the highest common divisor of k and 3?
1
Suppose 0*p + p + n + 2 = 0, -2*p = n. Suppose p*l + 3*i = -0*i + 10, 2 = -i. What is the highest common divisor of l and 40?
8
Let c(v) = -v**2 + 9*v + 7. Let k = -10 - 1. Let g(s) = -s - 5. Let l be g(k). Let w be c(l). Calculate the highest common divisor of w and 225.
25
Suppose 0 = x - 0*x - 4*l - 20, -x = l. Suppose -c = x*c - 75. Let u be (320/128)/((-5)/(-5) + (-106)/108). Calculate the greatest common factor of c and u.
15
Suppose -5*a - 154 + 574 = 0. Let z(r) be the first derivative of -r**2/2 + 6*r - 1. Let n be z(-6). Calculate the highest common divisor of n and a.
12
Let q = 593 - 359. Calculate the greatest common factor of q and 52.
26
Let a be 6*1 - (-5 + (-186 - 13)). Calculate the greatest common factor of a and 9.
3
Let m = 2 + 4. Suppose -m*d = -3*d - i - 28, -3*i = 2*d - 26. What is the greatest common divisor of 20 and d?
10
Let u = -316 + 680. Calculate the highest common divisor of u and 104.
52
Let k be (-9)/(6/(-10) - 26/65). Calculate the greatest common factor of k and 405.
9
Suppose -9*x - 32 = -5. Let p(m) = -7*m**3 + m - 10. Let a be p(x). Calculate the greatest common factor of 22 and a.
22
Suppose 2*w + 28 + 45 = 5*m, 56 = 4*m - 4*w. What is the greatest common factor of m and 15?
15
Let o(w) = -2*w**3 - 17*w**2 - 9*w - 3. Let f be o(-8). Let g = 28 + -13. Calculate the highest common factor of f and g.
5
Let r(i) = i**2 - 4. Let t be r(-4). Suppose -210 = 9*d - 642. Calculate the greatest common divisor of t and d.
12
Let i(o) = -7*o**2 + 2. Let v be i(1). Let h(m) = m**3 + 5*m**2 - 4*m - 5. Let r be h(v). Calculate the highest common divisor of r and 6.
3
Let c be (11 + -6)*12/10. Suppose -4*i = -3*w - 36, -3*i + 30 = -c*w + 3*w. Calculate the highest common divisor of i and 48.
6
Suppose -5 = -5*m, 0*u + 134 = 3*u - m. Calculate the highest common divisor of 20 and u.
5
Let g be 3 + ((-216)/(-1) - 0). Calculate the greatest common divisor of g and 949.
73
Suppose -14*d = -12*d + 24. Let w be (-6)/(-33) - (-262)/11. Let f = d + w. What is the highest common divisor of 36 and f?
12
Suppose 0 = g - 2*d + 2 + 2, 5*d - 37 = -2*g. Let h = 12 - -6. What is the greatest common divisor of g and h?
6
Let s(k) = 8*k - 3. Let v be s(1). Suppose -2*x = -4*a + x + 97, x = -v*a + 145. Calculate the highest common factor of a and 7.
7
Let u(p) = p**3 - 7*p**2 + p + 8. Let a be u(7). Let s(y) = 6*y**2 + 58*y - 11. Let d be s(-10). Calculate the greatest common factor of d and a.
3
Suppose -o - 5*k + 115 = 0, -3*o - 873*k + 323 = -869*k. Suppose 3*z + 5*j - 70 = 0, -j = 4*z - 31 - 34. Calculate the highest common divisor of z and o.
15
Let d = -35 + 156. Let k(u) = 4*u - 5. Let t be k(4). Calculate the highest common factor of d and t.
11
Let u be (-24)/42 - 6/14. Let a be (u - -4)*(-6 + 76/6). What is the greatest common factor of 100 and a?
20
Let f = -307 + 450. Calculate the greatest common divisor of f and 22.
11
Suppose 2*j - 4*q = 954, j + 3*j - 1932 = -4*q. Suppose 2*u - j - 79 = 0. What is the highest common factor of 35 and u?
35
Suppose 4*l = 19 + 13. Suppose l + 12 = 4*a. Suppose 15 = -2*x + a*x. Calculate the greatest common factor of x and 1.
1
Let x(n) = n**2 - 7*n + 10. Let t be x(7). Suppose 0 = 5*w - t. Calculate the greatest common factor of 22 and w.
2
Suppose -128*c = -129*c + 147. What is the greatest common factor of 42 and c?
21
Let g(z) = z. Let r be g(-2). Let t(n) = n**2 - 3*n - 1. Let a be t(r). Let p be 27/3 - (-1 + 1). Calculate the greatest common factor of p and a.
9
Suppose 0 = -g + 4*l + 34, 0 = -5*l + 8 - 28. Calculate the highest common divisor of 1206 and g.
18
Suppose 273 = 6*o - 63. Let h(n) = 4*n - 7. Let q(b) = -5*b + 8. Let a(k) = -6*h(k) - 5*q(k). Let u be a(5). What is the highest common divisor of u and o?
7
Suppose -113*r = -126*r + 286. What is the greatest common factor of 5302 and r?
22
Suppose 0 = -5*d + 5*s + 85, d + 2*d + 3*s = 51. Calculate the highest common factor of 238 and d.
17
Suppose -u = -2*i - 98, -3*u - i = -0*i - 273. Let j = -4 - -7. Suppose c + y - 23 = j*y, 0 = c + 4*y - 23. Calculate the highest common factor of u and c.
23
Let y(d) = 3*d + 2. Let l(m) = -m + 12. Let q be l(11). Let s be y(q). Let k(o) = 2*o - 15. Let z be k(15). Calculate the highes